2346 and 184.
46
What is the highest common factor of 10 and 2181210?
10
What is the greatest common factor of 5221 and 454?
227
Calculate the highest common divisor of 49032 and 60.
12
Calculate the highest common divisor of 270 and 43353.
9
What is the greatest common factor of 53487 and 69363?
189
What is the highest common factor of 126 and 2114?
14
Calculate the highest common factor of 403 and 1457.
31
What is the greatest common factor of 16297 and 387?
43
Calculate the highest common divisor of 39913 and 668.
167
What is the greatest common divisor of 39 and 21081?
3
What is the highest common divisor of 1975 and 118421?
79
What is the highest common factor of 1848 and 86064?
264
Calculate the highest common divisor of 71767 and 43.
43
Calculate the highest common divisor of 24579 and 27.
9
Calculate the highest common divisor of 13080 and 480.
120
What is the highest common divisor of 455 and 4?
1
What is the highest common divisor of 1693 and 4?
1
What is the highest common divisor of 49462 and 42?
14
Calculate the highest common divisor of 78792 and 1372.
196
What is the highest common factor of 4 and 457360?
4
Calculate the highest common divisor of 1976 and 1673976.
152
What is the highest common divisor of 729936 and 1665?
333
What is the highest common divisor of 2730 and 26880?
210
What is the greatest common divisor of 91717 and 41?
41
What is the highest common divisor of 55475 and 21?
7
Calculate the greatest common factor of 115 and 2525.
5
What is the greatest common factor of 230497 and 265?
53
What is the greatest common divisor of 1891454 and 102?
34
What is the highest common divisor of 375312 and 10080?
336
Calculate the highest common divisor of 11187 and 1287.
99
Calculate the highest common factor of 185 and 404410.
185
Calculate the greatest common factor of 4314 and 4299620.
1438
What is the highest common divisor of 593555 and 34?
17
What is the highest common divisor of 8987 and 209?
209
What is the greatest common divisor of 209 and 2204?
19
Calculate the greatest common divisor of 34870 and 50.
10
Calculate the highest common divisor of 1265 and 45639.
11
Calculate the greatest common factor of 81 and 41337.
27
Calculate the highest common factor of 1750 and 5082.
14
What is the greatest common factor of 10815 and 3360?
105
Calculate the highest common divisor of 15 and 5679285.
15
What is the highest common factor of 116232 and 2610?
174
Calculate the highest common factor of 64 and 892128.
32
Calculate the greatest common factor of 171666 and 17442.
918
Calculate the highest common factor of 464 and 82882.
58
Calculate the highest common factor of 28 and 6664.
28
Calculate the greatest common divisor of 980 and 17860.
20
Calculate the highest common factor of 242188 and 28.
4
What is the greatest common divisor of 2386 and 29183166?
2386
What is the greatest common divisor of 72948 and 2268?
12
Calculate the greatest common divisor of 71067 and 3.
3
Calculate the greatest common factor of 13 and 26351.
13
What is the greatest common factor of 104 and 1171144?
104
Calculate the greatest common divisor of 60 and 610.
10
Calculate the greatest common divisor of 28 and 85498.
14
What is the greatest common factor of 80210 and 4160?
130
Calculate the highest common factor of 279 and 34689.
93
Calculate the highest common factor of 2461464 and 288.
72
Calculate the greatest common factor of 1972 and 194068.
116
What is the highest common divisor of 1030 and 4950?
10
Calculate the greatest common factor of 1056 and 616.
88
What is the greatest common factor of 170 and 51085?
85
What is the highest common divisor of 10472 and 4158?
154
Calculate the greatest common divisor of 142 and 127161.
71
What is the greatest common factor of 20433 and 2085?
417
What is the greatest common divisor of 55151 and 3789?
421
Calculate the greatest common factor of 410 and 135095.
205
Calculate the greatest common divisor of 125713 and 119.
7
Calculate the greatest common factor of 4011995 and 65.
65
Calculate the greatest common divisor of 955931 and 61.
61
Calculate the greatest common factor of 123 and 182573.
41
What is the highest common divisor of 3817280 and 755?
755
What is the greatest common divisor of 671434 and 194?
194
Calculate the greatest common divisor of 34 and 177089.
17
What is the highest common divisor of 9131 and 64711?
397
What is the highest common divisor of 49141 and 42568?
313
Calculate the highest common factor of 156 and 6621108.
156
What is the greatest common factor of 1245 and 100?
5
What is the highest common divisor of 460 and 91540?
460
What is the highest common factor of 343620 and 414?
414
Calculate the highest common divisor of 58 and 135227.
29
Calculate the highest common divisor of 30 and 612006.
6
Calculate the greatest common divisor of 833960 and 40.
40
What is the highest common factor of 83793 and 11067?
1581
What is the greatest common divisor of 10 and 9671040?
10
Calculate the highest common divisor of 2407 and 1660.
83
What is the greatest common factor of 536 and 3868?
4
What is the greatest common factor of 598040 and 520?
40
What is the greatest common factor of 6402 and 5044?
194
What is the greatest common factor of 844090 and 195?
65
What is the highest common divisor of 4246973 and 23?
23
What is the highest common divisor of 1600 and 8870?
10
Calculate the highest common divisor of 1825097 and 293.
293
Calculate the highest common factor of 129206 and 770.
154
Calculate the highest common divisor of 16 and 902.
2
Calculate the greatest common factor of 52558 and 66.
22
What is the highest common factor of 8392 and 16?
8
What is the greatest common divisor of 140834 and 6968?
134
What is the greatest common divisor of 126690 and 50?
10
Calculate the highest common factor of 58575 and 561.
33
Calculate the greatest common factor of 161 and 29.
1
Calculate the greatest common divisor of 16926 and 2444.
26
What is the highest common divisor of 1560 and 456690?
390
What is the highest common divisor of 4 and 600956?
4
Calculate the highest common divisor of 9 and 106929.
9
What is the greatest common factor of 34 and 13617?
17
What is the greatest common factor of 765 and 6165?
45
Calculate the greatest common factor of 317603 and 13.
13
Calculate the greatest common divisor of 7 and 2751413.
7
Calculate the greatest common factor of 91884 and 5394.
186
What is the greatest common factor of 6608 and 16912?
112
What is the highest common factor of 18507 and 496?
31
Calculate the greatest common divisor of 330 and 23980.
110
What is the greatest common divisor of 15080 and 1305?
145
What is the greatest common divisor of 3288 and 2574?
6
What is the highest common factor of 4774 and 448?
14
What is the greatest common factor of 9071 and 579?
193
What is the greatest common divisor of 100 and 147925?
25
What is the greatest common factor of 429504 and 24?
24
Calculate the greatest common divisor of 832080 and 100.
20
Calculate the greatest common divisor of 488 and 61244.
244
What is the highest common factor of 198481 and 423?
47
What is the greatest common divisor of 616716 and 111?
111
What is the greatest common divisor of 409041 and 9729?
423
Calculate the greatest common factor of 17017 and 2142.
119
Calculate the greatest common factor of 310 and 1373765.
155
What is the greatest common factor of 15038 and 59534?
206
Calculate the highest common divisor of 3 and 323664.
3
What is the greatest common divisor of 764270 and 140?
10
Calculate the greatest common divisor of 1432 and 636882.
358
What is the greatest common divisor of 3764534 and 254?
254
Calculate the greatest common factor of 30 and 615.
15
What is the highest common factor of 9951 and 78003?
321
What is the highest common divisor of 309743 and 56?
7
What is the highest common divisor of 250916 and 1788?
596
What is the highest common divisor of 3168 and 1001?
11
What is the greatest common factor of 264 and 336?
24
Calculate the highest common factor of 603 and 86631.
201
What is the greatest common factor of 48230 and 1990?
10
Calculate the greatest common factor of 600106 and 78.
26
Calculate the highest common divisor of 23800 and 116400.
200
What is the highest common divisor of 26363 and 122170?
643
C